2 + 25*a. Let k be q(-7). Let l(r) = r**3 + 7*r**2 + 6*r + 5. What is l(k)?
5
Let b be 4/18 - (-4805)/45. Let u = b - 91. Let w be (23/6 + u/(-48))*2. Let k(r) = -r. Calculate k(w).
-7
Let b = -4/227 - -1597/454. Let p(r) be the first derivative of 6*r - 6 - 2/3*r**3 - b*r**2 + 1/4*r**4. What is p(4)?
10
Let u(g) = 2*g**2 + 28*g + 83. Let l be ((-5)/2*2 - (-31 + 30)) + -1. Give u(l).
-7
Let z be 209 - (-1 + 0/(-2 - -5)). Let v = z - 203. Let h(s) = -s**2 + 10*s - 15. Calculate h(v).
6
Let i(w) = 9*w - 59. Suppose -106*s - 36 = -112*s. Let v be i(s). Let d(j) = j**2 + 4*j - 7. What is d(v)?
-2
Let x(o) = 4*o + 17. Let k be x(-5). Let s(m) = -m**3 + 3*m**2 + 9*m - 4. Let g be s(k). Let u = -31 + g. Let r(n) = -n**3 - 9*n**2 - 8*n - 1. Calculate r(u).
-1
Let x(q) be the first derivative of 2*q + 3*q**2 + 2*q**3 - 1/4*q**4 - 52. Calculate x(7).
-5
Let v(y) be the third derivative of -y**6/120 + 19*y**5/60 + 17*y**4/24 + 12*y**3 - 4764*y**2 - 1. Determine v(20).
12
Let l(c) = -c**2 + c + 2. Suppose 3*k - 30 = -3*k. Let g be ((-3)/(-9))/(6/54) - k. Calculate l(g).
-4
Suppose v = -2*v. Let t(g) be the first derivative of g**4/4 - g**2/2 - 14*g + 53. Determine t(v).
-14
Suppose -4*q = -7*q. Let x be q + -2*((-3)/2 + 0). Let m(h) = -2*h**3 - 2 + 7*h**2 + x*h**3 - 5*h**2 - 3*h**2. Determine m(0).
-2
Let a be (-3 + 32/10)/(1/25). Suppose -a*q = 22*n - 24*n, 3*q - 9 = 3*n. Let z(x) = 3 - 1 - x + 2*x. Give z(q).
0
Suppose 41 = l - 2*b, l + b = 3*l - 73. Suppose -4*d - d = l. Let n(c) = -c + 1. Determine n(d).
8
Let a(f) be the third derivative of f**5/20 + 6*f**2. Suppose 8 = 4*q - 0. Suppose -v + 4*r - 2 - 19 = 0, q*r - 8 = -2*v. Give a(v).
3
Suppose -3*n - 6 = -3*w, -3*n = 4*w - 2*n - 13. Let v(h) = 7 + 1 - 5 - 2 + w - 5*h. Give v(7).
-31
Let p be (3 - 3) + 0 + -1. Let y = 6 + p. Let x(l) = 3*l - 16. Let k be x(y). Let u(n) = 5*n**2 - n - 1. Determine u(k).
5
Let z(y) = 2*y + 31. Let l be z(-13). Let n(a) = 2*a**2 - a - 3. Let m(w) = 5*w**2 - 9*w - 1. Let r(k) = m(k) - 2*n(k). Give r(l).
-5
Let t(s) be the second derivative of 29*s**4/12 - s**3/3 - s**2 - 1592*s. Determine t(-1).
29
Let o(b) = b**3 + 15*b**2 - 213. Let k(i) = 3*i**3 + 30*i**2 - 6*i - 440. Let h(g) = 2*k(g) - 5*o(g). Determine h(15).
5
Let m(q) = q - 9. Let f be 8/20*(-28 - -8) - -5. Determine m(f).
-12
Let t(k) = -9*k + 27. Let s(z) = 11*z - 30. Let h(d) = 4*s(d) + 5*t(d). Determine h(3).
12
Suppose -3*j - y = -69, -17 - 6 = -j + 4*y. Let p(a) = j - 25 - 13*a + 3*a. Give p(2).
-22
Let l = -167 - -185. Let m be -6*(-3)/l*(4 - 1). Let a(i) = 1 + i - 4*i + 0*i. Give a(m).
-8
Let j(m) = -m - 4. Let k(g) = 6*g - 159. Let t be k(-22). Let c = t + 284. Give j(c).
3
Let o = -5675 + 5673. Let i(z) = z - 3. Let b(d) = -4*d + 10. Let l(t) = 2*b(t) + 7*i(t). Determine l(o).
1
Let t(k) = 2*k - 2. Suppose 4*b = -0*b + 56. Suppose 24*z = 19*z + 10. Suppose -10 = -z*r - b. What is t(r)?
-6
Let y(q) be the first derivative of -q**2/2 + 18*q + 1548. Determine y(15).
3
Let k(j) = -162*j + 25. Let d be k(0). Let f(v) = -9*v + 220. Determine f(d).
-5
Suppose 3*z - 1742 = b - 1775, 4*b = 4*z + 60. Let h(o) = -o**3 - 7*o**2 + 17*o - 14. What is h(z)?
-5
Suppose -3*i + y + 2 = 0, -3*y + 14 - 2 = 0. Let u(k) = 9 + k**i - 2*k - 15 + 1 - 2*k. Determine u(5).
0
Let j(u) = u**2 - 2*u + 1. Let p = -3235 + 3231. Give j(p).
25
Let j = -92657/6 + 15443. Let v(a) be the third derivative of 0*a + 0 - 1/20*a**5 + 1/60*a**6 - j*a**3 - 13*a**2 + 1/24*a**4. Give v(2).
5
Let d = 3905 - 3900. Let y(j) = 11*j. Calculate y(d).
55
Let n(r) = -r**3 - 9*r**2 + 13*r + 12. Suppose -10*m + 7*m + 14 = -i, 0 = i + 2. Suppose 4*s = -3*y - 30, -40 = -7*y + 11*y + m*s. Determine n(y).
-18
Suppose -t + 3 = -0. Let k(h) = 2*h**2 + 2 + 38222*h**3 + 3*h - 38223*h**3 + h**2. Determine k(t).
11
Let t(c) = c**3 - 5*c**2 - c - 14. Suppose 3*b - 35 = -4*k, 25 = 70*k - 66*k + b. Give t(k).
-19
Let s(k) = 4*k**3 + 6*k**2 + 9*k + 8. Let o(n) = -3*n**3 - 5*n**2 - 7*n - 7. Suppose 2*d = -j + 5 + 1, -5*d + 28 = -4*j. Let q(w) = d*s(w) + 5*o(w). Give q(0).
-3
Let u(k) = 2*k + 11. Let c be u(-4). Let v(h) = 2*h + c + 3*h**2 - 3*h**2 - 307*h**3 + 306*h**3. Determine v(-2).
7
Suppose 5*w + 3 = -0*z + 2*z, w = 1. Suppose 26 = -z*u + 42. Let p(c) = -6*c + 9. Give p(u).
-15
Let c(b) = b**2 - 6*b + 3. Suppose -t = -9*t + 16. Suppose 1 + t = f. Suppose 2 = f*o - 16. What is c(o)?
3
Let l(m) = 822784 - 10*m - 822751 + m. Calculate l(5).
-12
Let s be 6*1 + 0 + -1. Let r(h) be the third derivative of h**4/12 - 5*h**3/6 - 2*h**2 - 4669*h. Determine r(s).
5
Let i be (-358)/(-10) + -6 + 31/5. Let w(t) = -18 - t**2 - i + 5*t + 47. Give w(5).
-7
Let y(a) = -59664*a + 119324*a - 59668*a + 5. What is y(-5)?
45
Let x(v) = -10*v + 30. Let n be x(5). Let b = -23 - n. Let m be -2 + (-3 - (4 + b)). Let u(h) = -h + 4. Determine u(m).
10
Let x(g) = -g**2 + 33*g - 89. Let k be x(30). Let c(v) = 39*v - 22*v + k + 2*v. Calculate c(-1).
-18
Let i(o) be the second derivative of -2/3*o**4 + 2 - 4*o - o**2 + o**3 + 1/20*o**5. Determine i(7).
-9
Let t(y) = -y**2. Let b(u) = -u**2 - 14*u - 8. Let l be b(-10). Suppose -9*x = -13*x + l. Suppose 0 = -n - 10 + x. Calculate t(n).
-4
Let l(a) = 12*a**2 + 2*a - 1. Let y(t) = -40*t**2 + 18*t - 51. Let z be y(3). Let d = -356 - z. What is l(d)?
13
Let z = 606 - 609. Let m(a) = 5*a**3 + 7*a**2 - 5*a - 3. Let l(f) = 2*f**3 - 2*f. Let v(s) = z*l(s) + m(s). Determine v(6).
39
Let w(l) = 2*l**2 + 2597598*l - 2597583*l - l**2 + 57. Determine w(-8).
1
Let l(f) = -8*f + 16 + 7*f**3 + 7*f**3 + 4*f - 11*f**3 - 5*f**2 - 2*f**3. Calculate l(4).
-16
Let r(a) = 27*a + 28*a + 19*a + 29*a - 104*a. Let v = 32 + -29. Suppose v*s = -2*g + 28, 2 - 4 = 3*s - 4*g. What is r(s)?
-6
Let w(q) = 3*q**2 - 5*q + 1. Let d be (-2 - -23)*7*1/21. Determine w(d).
113
Let k(h) be the first derivative of h**4/4 - 4*h**3/3 + 5*h**2/2 - 17*h + 2368. What is k(3)?
-11
Let s(d) = 5*d - 5 - 4596*d**2 - 4595*d**2 + 9196*d**2. What is s(1)?
5
Let a(b) = -19*b + 14. Let s(i) = 22*i - 11. Let r(m) = -3*a(m) - 2*s(m). Calculate r(7).
71
Let b = 1082 - 1097. Let n(d) = -d**3 - 17*d**2 - 32*d - 33. What is n(b)?
-3
Suppose 0 = 4*n, -2*i - 6 = 4*n - 18. Let h(q) = 2*q**3 - 7*q**2 + 6*q - 3. Let w(x) = x**3 + 1. Let s(d) = h(d) - w(d). Calculate s(i).
-4
Let g(z) = z**3 - 6*z**2 - z - 2. Suppose 3*d = 15, -583 = 17*p - 19*p - 3*d. Suppose p - 308 = -4*n. Give g(n).
-8
Let p(r) = 25*r + 74. Let h(y) = 6*y + 18. Let b(a) = -29*h(a) + 7*p(a). Suppose -o = 4*n + 4*o + 26, -2*o + 12 = -4*n. Determine b(n).
-8
Suppose 80*o = -u + 85*o - 34, 28 = 4*o. Let x(k) = -149*k**3 - 2*k**2 + 3*k - 2. Give x(u).
-150
Let n(q) = 9*q**2 - 3*q - 12. Let z(o) = 2*o**2 - o - 1. Let d(w) = -n(w) + 4*z(w). Let f = -109 - -109. Determine d(f).
8
Let c(z) = 3*z**3 - 1722*z**2 + 10*z + 577*z**2 + 551*z**2 - 5*z**3 + 569*z**2 - 15. Give c(-13).
24
Suppose 5*w - 16 = -p - p, -15 = -3*w - 3*p. Let r(m) = 2*m**w - 5 - 6*m**2 - m + 2 + 3*m**2. Suppose -35*c = -14*c. What is r(c)?
-3
Let z(w) = -2*w**3 - 4*w**2 + 4. Let a(v) be the first derivative of -3*v**4/4 - 2*v**3/3 + 2*v**2 - 2*v - 47. Let d be a(1). Give z(d).
22
Let b = -1819 + 1828. Let o(f) = -f**2 + 11*f - 4. Calculate o(b).
14
Let n(i) = 4*i - 5*i + 2*i + 7. Suppose -21*q - 52 = -17*q. Let k be (-1)/(-2)*(q + 3). Determine n(k).
2
Suppose 25 = -x + 43. Let g = x - 18. Let t(q) = 4*q**2 + g*q - 9*q**2 - 3*q + 4*q**2. Determine t(-3).
0
Let p(n) = n**3 - 3*n**2 + n + 1. Suppose -45 = -19*x + 14*x. Suppose -3*l = x - 18. Determine p(l).
4
Let o(r) = -2*r. Let l be (-1 - 1/1)*-2. Let q = -120 - -132. Suppose 40 = l*a + q. Determine o(a).
-14
Let t(y) = -6. Let v be -2*(4 - (-40)/(-16)). Let f(k) = 6*k - 21. Let s(o) = v*t(o) + f(o). Calculate s(4).
21
Let r be (-3*3/(-27))/(35/105). Let m(n) = -15*n**2 + 2*n - 1. Let o(u) be the second derivative of u**4/12 + 2*u. Let v(d) = -m(d) + 3*o(d). Calculate v(r).
17
Let u(z) = 1 + 0*z + 2*z - z + 0*z - z**2. Suppose l + 6 = 2*a, a = -6*l + 3*l - 4. Give u(a).
-1
Let x(w) = -7*w**2 + 9*w + 3. Let d(b) = -b**3 - 19*b**2 + 26*b + 8. Let q(u) = -2*d(u) + 7*x(u). Determine q(4).
1
Let g(d) = 5*d**2 - 5*d - 3. Let m = 9431 - 9427. What is g(m)?
57
Suppose -20*r - 4 = -22*r. Let x(k) = -12 - 3*k**2 - 5*k**r + 13. Determine x(1).